s the highest common divisor of 180 and c?
36
Suppose 32 = -r + 7. Let t = 40 + r. Let d be t*4/12*4. Calculate the greatest common factor of d and 50.
10
Suppose -25 = 5*k, -4*x - 4*k = 3 + 1. Let h be 6*5/20*24. What is the greatest common factor of h and x?
4
Let q = -18 + 14. Let a be (-6)/q*3 + (-8)/(-16). What is the greatest common factor of a and 1?
1
Suppose 0 = 13*u - 28*u + 1080. Suppose -i + 192 = 3*i. Calculate the greatest common factor of i and u.
24
Suppose -5*b = -121 - 59. Let o(t) = 2*t**2 + t. Let j be o(-2). What is the greatest common factor of j and b?
6
Suppose -52461 = -19*b - 48*b. What is the greatest common factor of 54 and b?
27
Let k(o) be the first derivative of o**2/2 + 147*o - 9. Let m be k(0). Calculate the greatest common divisor of m and 21.
21
Let f = 30 - 27. Suppose -2*i + 207 = -t, f*i + i - 411 = 5*t. What is the highest common divisor of 26 and i?
26
Suppose -100*i + 101*i - 5 = 0. Let g be 150/i*(-12)/(-5). Calculate the highest common divisor of 18 and g.
18
Let w be (6/(-4))/(12/7232). Let g be w/(-10) + 8/(-20). What is the highest common factor of 10 and g?
10
Suppose -3*d + 4*g = 6*g - 386, -2*d - 4*g = -268. Calculate the greatest common factor of 28 and d.
14
Suppose -3*j - v + 5*v = 35, 76 = -4*j - 2*v. Let h = 20 + j. Suppose 2*i - 31 = g - 0*g, 5*i = h*g + 75. Calculate the highest common divisor of i and 12.
6
Let v be 1 + (-7)/5 + (-3310)/(-25). Calculate the greatest common factor of v and 12.
12
Let g = 1441 + -1402. What is the highest common divisor of g and 2028?
39
Let t = 261 + -163. Let w = -38 + t. Calculate the greatest common factor of 15 and w.
15
Suppose 5*n - 35 = -225. Let y = n - -44. What is the highest common factor of 2 and y?
2
Let t = -789 - -832. Calculate the highest common factor of t and 172.
43
Let s(z) be the third derivative of -z**6/120 - 23*z**5/60 - 11*z**4/12 + 7*z**3/3 - 2*z**2. Let r be s(-22). What is the highest common factor of r and 42?
14
Let k(q) = 21*q + 5. Let n be k(3). Suppose r - n = 152. Calculate the greatest common factor of 88 and r.
44
Let t = -760 - -833. What is the highest common divisor of 1 and t?
1
Let d(l) = 2*l + 246. Let b be d(10). What is the greatest common divisor of b and 114?
38
Let v = 8 - 8. Suppose 3*z = -3*r + 30, 0 = -2*r + 3*z - v - 5. Suppose 2*k + 30 = r*k. What is the highest common divisor of 30 and k?
10
Suppose -5*i + 114 = -96. Calculate the greatest common factor of 18 and i.
6
Let v(x) = x**2 - x + 1. Suppose 4*g = -2*b + 42, 0*g - g + 6 = -4*b. Let t be v(g). Calculate the greatest common divisor of t and 13.
13
Let z be ((-72)/(-42))/((-6)/(-21)). Let v be -6*(3 + (-86)/z). What is the highest common divisor of 34 and v?
34
Suppose 72 = 5*u - u + 3*f, 4*u - 5*f - 72 = 0. Let t be (-1 - (-111)/6)*u/15. Calculate the highest common factor of 231 and t.
21
Let m(r) = -227*r**3 + 2*r**2 + 3*r + 2. Let k be m(-1). What is the highest common divisor of 24 and k?
12
Let g(a) = -4*a - 47. Let b be g(-20). Suppose 3*k + d - 91 = -0*k, -k - d + b = 0. Calculate the greatest common divisor of 58 and k.
29
Let q(z) be the third derivative of -5/3*z**3 + 0*z - 8*z**2 - 1/6*z**4 + 0. Let x be q(-16). What is the highest common factor of 36 and x?
18
Let a(x) = 26*x. Let j be a(3). Suppose -m = -0*m - 26. Calculate the greatest common divisor of m and j.
26
Let t be ((-12)/10)/(14/(-35)). Suppose 45 = 6*n - t. Suppose i - 11 = -i + 3*r, 4*r = -4*i - n. What is the greatest common divisor of i and 5?
1
Let c be -52*(3 - (-52)/(-16)). Suppose -c*y + 325 = -8*y. What is the greatest common factor of y and 39?
13
Let i be -4*3/(-9) - (-4876)/69. What is the greatest common divisor of 252 and i?
36
Suppose -2*s - 3*u = -79, -6*s + 182 = -2*s - 2*u. Calculate the greatest common divisor of 33 and s.
11
Let r be ((-666)/4)/(39/(-104)). What is the highest common factor of 12 and r?
12
Let f = 173 + -119. Let q = 118 - f. Calculate the greatest common factor of q and 8.
8
Let h(o) = -o**2 + 8*o + 2. Let v be h(8). Let c be (-65)/(-2) + 1/2. Suppose -5*a + c = -v*a. What is the highest common factor of 55 and a?
11
Suppose -5*m + 10*m = -25, u + 4*m + 15 = 0. Calculate the highest common divisor of 290 and u.
5
Let k(h) = -80*h - 289. Let q be k(-4). Suppose -l + 343 = v, 0 = 4*l + 3*v - 5*v - 1360. What is the highest common divisor of l and q?
31
Suppose -5*k + g - 5*g = -183, 5*g = -3*k + 102. Let r = -4 + 43. What is the greatest common divisor of r and k?
39
Suppose 5*h = 4*v - 43, h = 44*v - 49*v + 61. What is the highest common divisor of 84 and v?
12
Let l(s) be the first derivative of 2*s**3/3 + 3*s**2 + 2*s + 9. Let y be l(-4). What is the greatest common factor of 110 and y?
10
Let p(l) = 18*l**3 - 3*l**2 - l + 6. Let u be p(3). What is the greatest common divisor of 88 and u?
22
Let c be (-1 - -2)*(-10)/(-2). Let h(l) = 1 - 12 - c - l. Let i be h(-17). Calculate the highest common divisor of i and 5.
1
Suppose 216 = 6*d + 3*d. Let t = d - 18. What is the highest common factor of 15 and t?
3
Suppose 0 = 762*d - 731*d - 837. What is the greatest common factor of d and 504?
9
Let i be 264/(-9)*18/(-12). Suppose -2*b = 13 - 79. What is the greatest common divisor of i and b?
11
Suppose -237 = -y - 3*m, -y + 5*m - 103 = -348. Calculate the highest common factor of y and 48.
48
Let n(f) = 32*f - 21. Let u be n(11). Suppose -121 = 3*s - u. Calculate the highest common factor of s and 175.
35
Let s(v) = v**2 + v - 4. Let z be s(4). Let h(d) = -d**3 + 38*d**2 + 3*d - 34. Let t be h(38). Calculate the highest common factor of t and z.
16
Let q = 579 - 499. Calculate the greatest common factor of q and 512.
16
Let g = 1405 + -692. What is the greatest common factor of g and 62?
31
Let q(d) = -14*d**2 - 5. Let v be q(-4). Let i = -155 - v. What is the greatest common factor of 111 and i?
37
Let p be (57/2)/(15/(-60)). Let o = p - -117. What is the greatest common factor of o and 5?
1
Let g(c) = 2*c**2 - 6*c - 2. Let x be g(6). Let l = -154 - -239. What is the highest common divisor of l and x?
17
Suppose 2*b = 3*j + 20, -b + 2*j - 3*j = 0. Let r(c) = 3*c**3 + 3*c**2 - 7*c + 4. Let f be r(b). Calculate the greatest common factor of 27 and f.
27
Let y be (-8)/(-14) - (0 - (-2118)/(-42)). Calculate the greatest common factor of 255 and y.
51
Let d be 7 - (-6 - -3) - -58. Calculate the highest common factor of d and 20.
4
Suppose 184*a + 567 = 205*a. What is the highest common factor of 27 and a?
27
Let i(b) = 89*b**2 - 3*b - 9. Let w be i(3). Calculate the greatest common divisor of w and 87.
87
Let i(k) = 64*k**2 - 10*k - 40. Let j(g) = -13*g**2 + 2*g + 8. Let f(d) = 3*i(d) + 14*j(d). Let z be f(4). Calculate the highest common factor of 18 and z.
18
Let z be (6 - 7) + -2 + 2*27. Calculate the highest common factor of z and 306.
51
Let b be (-30)/(-1)*(-72)/(-45). Suppose -3*f - 504 = -10*f. What is the highest common factor of b and f?
24
Suppose 7516 = 40*r + 1756. What is the greatest common factor of 90 and r?
18
Suppose -4 = -n, -5*v = n + 2*n - 532. Let c = -9 - -35. What is the greatest common factor of c and v?
26
Let w(o) = o**3 + 7*o**2 - 21*o - 13. Let u be w(-9). Suppose 3*f = 5 - 2. Let g be 1/(2*f/42). Calculate the highest common divisor of u and g.
7
Let k be (-2 - 2)/(-3 - -2). Let r be ((-2 - 1) + 4)/(k/52). What is the highest common factor of 104 and r?
13
Suppose 0 = w + 4*p - 1, -13 = -5*w + 4*w + 2*p. Calculate the highest common factor of 45 and w.
9
Suppose -152 - 130 = -6*j. Calculate the greatest common factor of 1 and j.
1
Let w(j) = j**2 - 9*j + 6. Let r be w(9). Let g = r + 22. Calculate the greatest common divisor of 140 and g.
28
Suppose -131 = -11*t + 56. Let w = 243 - 90. What is the greatest common divisor of t and w?
17
Suppose -d + 12 = 3*s, 0 = -6*d + 7*d + 5*s - 20. Let o be (-2)/(d - 3/9). Let k = o - -2. What is the highest common divisor of 72 and k?
8
Let c = 1197 + -823. What is the greatest common factor of c and 44?
22
Suppose 3*s = 6, 11*s - 864 = -3*f + 14*s. Calculate the highest common factor of 1595 and f.
145
Suppose 27*b = 22*b + 5*l + 3930, -b = -4*l - 792. What is the greatest common divisor of b and 294?
98
Suppose -7*g + 560 = -3*g. Let t = -3864 - -3892. Calculate the grea